{"id":153,"date":"2024-01-24T01:29:09","date_gmt":"2024-01-23T22:29:09","guid":{"rendered":"https:\/\/tektiklakurye.com.tr\/?page_id=153"},"modified":"2024-01-24T18:37:25","modified_gmt":"2024-01-24T15:37:25","slug":"iletisim","status":"publish","type":"page","link":"https:\/\/tektiklakurye.com.tr\/?page_id=153","title":{"rendered":".: \u0130LET\u0130\u015e\u0130M"},"content":{"rendered":"\n<p>ADRES : YEN\u0130DO\u011eAN MAHALLES\u0130 ULUBATLI SK AKKAN KARDE\u015eLER \u0130\u015eMERKEZ\u0130<\/p>\n\n\n\n<p>NO:2 \/ 16 BAYRAMPA\u015eA \/ \u0130STANBUL<\/p>\n\n\n\n<p>TEL       : 0 542 446 58 26<\/p>\n\n\n\n<pre class=\"wp-block-code\"><code>\n<\/code><\/pre>\n\n\n\n<iframe src=\"https:\/\/www.google.com\/maps\/embed?pb=!1m18!1m12!1m3!1d3009.4893429624703!2d28.910062775250967!3d41.03642681769235!2m3!1f0!2f0!3f0!3m2!1i1024!2i768!4f13.1!3m3!1m2!1s0x14caba640dcea26d%3A0x3d72e1c7452c30cc!2zWWVuaWRvxJ9hbiwgVWx1YmF0bMSxIFNrLiBObzoyLCAzNDA0MCBCYXlyYW1wYcWfYS_EsHN0YW5idWw!5e0!3m2!1str!2str!4v1706109347522!5m2!1str!2str\" width=\"600\" height=\"450\" style=\"border:0;\" allowfullscreen=\"\" loading=\"lazy\" referrerpolicy=\"no-referrer-when-downgrade\"><\/iframe>\n\n\n\n<pre class=\"wp-block-code\"><code>\n<!-- form.123formbuilder.com script begins here -->\n<script type=\"text\/javascript\" defer=\"\" src=\"https:\/\/form.123formbuilder.com\/embed\/6596389.js\" data-role=\"form\" data-default-width=\"800px\" data-custom-vars=\"hasEmbedFormStyle=1\"><\/script>\n<!-- form.123formbuilder.com script ends here -->\n<\/code><\/pre>\n","protected":false},"excerpt":{"rendered":"<p>ADRES : YEN\u0130DO\u011eAN MAHALLES\u0130 ULUBATLI SK AKKAN KARDE\u015eLER \u0130\u015eMERKEZ\u0130 NO:2 \/ 16 BAYRAMPA\u015eA \/ \u0130STANBUL TEL : 0 542 446 58 26<\/p>\n","protected":false},"author":1,"featured_media":0,"parent":0,"menu_order":0,"comment_status":"closed","ping_status":"closed","template":"","meta":{"footnotes":""},"class_list":["post-153","page","type-page","status-publish","hentry"],"_links":{"self":[{"href":"https:\/\/tektiklakurye.com.tr\/index.php?rest_route=\/wp\/v2\/pages\/153","targetHints":{"allow":["GET"]}}],"collection":[{"href":"https:\/\/tektiklakurye.com.tr\/index.php?rest_route=\/wp\/v2\/pages"}],"about":[{"href":"https:\/\/tektiklakurye.com.tr\/index.php?rest_route=\/wp\/v2\/types\/page"}],"author":[{"embeddable":true,"href":"https:\/\/tektiklakurye.com.tr\/index.php?rest_route=\/wp\/v2\/users\/1"}],"replies":[{"embeddable":true,"href":"https:\/\/tektiklakurye.com.tr\/index.php?rest_route=%2Fwp%2Fv2%2Fcomments&post=153"}],"version-history":[{"count":7,"href":"https:\/\/tektiklakurye.com.tr\/index.php?rest_route=\/wp\/v2\/pages\/153\/revisions"}],"predecessor-version":[{"id":193,"href":"https:\/\/tektiklakurye.com.tr\/index.php?rest_route=\/wp\/v2\/pages\/153\/revisions\/193"}],"wp:attachment":[{"href":"https:\/\/tektiklakurye.com.tr\/index.php?rest_route=%2Fwp%2Fv2%2Fmedia&parent=153"}],"curies":[{"name":"wp","href":"https:\/\/api.w.org\/{rel}","templated":true}]}}