{"id":282,"date":"2024-02-17T20:32:24","date_gmt":"2024-02-17T17:32:24","guid":{"rendered":"https:\/\/tektiklakurye.com.tr\/colibri-wp\/"},"modified":"2024-03-21T21:47:34","modified_gmt":"2024-03-21T18:47:34","slug":"colibri-wp","status":"publish","type":"page","link":"https:\/\/tektiklakurye.com.tr\/","title":{"rendered":"Front Page"},"content":{"rendered":"<div data-colibri-id=\"282-c1\" class=\"style-245 style-local-282-c1 position-relative\">\n  <!----><\/p>\n<div data-colibri-component=\"section\" data-colibri-id=\"282-c2\" id=\"overlappable\" class=\"h-section h-section-global-spacing d-flex align-items-lg-end align-items-md-end align-items-end style-246 style-local-282-c2 position-relative\">\n    <!----><br \/>\n    <!----><\/p>\n<div class=\"h-section-grid-container h-section-fluid-container\">\n      <!----><\/p>\n<div data-colibri-id=\"282-c3\" class=\"h-row-container gutters-row-lg-1 gutters-row-md-1 gutters-row-2 gutters-row-v-lg-1 gutters-row-v-md-1 gutters-row-v-2 style-247 style-local-282-c3 position-relative\">\n        <!----><\/p>\n<div class=\"h-row justify-content-lg-center justify-content-md-center justify-content-center align-items-lg-stretch align-items-md-stretch align-items-stretch gutters-col-lg-1 gutters-col-md-1 gutters-col-2 gutters-col-v-lg-1 gutters-col-v-md-1 gutters-col-v-2\">\n          <!----><\/p>\n<div class=\"h-column h-column-container d-flex h-col-lg-2 h-col-md-2 h-col-12 style-248-outer style-local-282-c4-outer\">\n<div data-colibri-id=\"282-c4\" class=\"d-flex h-flex-basis h-column__inner h-px-lg-3 h-px-md-3 h-px-2 v-inner-lg-3 v-inner-md-3 v-inner-2 style-248 style-local-282-c4 position-relative\">\n              <!----><br \/>\n              <!----><\/p>\n<div class=\"w-100 h-y-container h-column__content h-column__v-align flex-basis-100 align-self-lg-center align-self-md-center align-self-center\">\n                <!----><\/p>\n<div data-colibri-id=\"282-c5\" class=\"h-icon style-249 style-local-282-c5 position-relative h-element\">\n                  <!----><span class=\"h-svg-icon h-icon__icon style-249-icon style-local-282-c5-icon\"><!--Icon by Font Awesome (https:\/\/fontawesome.com)--><br \/>\n    <svg version=\"1.1\" xmlns=\"http:\/\/www.w3.org\/2000\/svg\" xmlns:xlink=\"http:\/\/www.w3.org\/1999\/xlink\" id=\"dashboard\" viewBox=\"0 0 1792 1896.0833\">\n      <path d=\"M384 1152q0-53-37.5-90.5T256 1024t-90.5 37.5T128 1152t37.5 90.5T256 1280t90.5-37.5T384 1152zm192-448q0-53-37.5-90.5T448 576t-90.5 37.5T320 704t37.5 90.5T448 832t90.5-37.5T576 704zm428 481l101-382q6-26-7.5-48.5T1059 725t-48 6.5-30 39.5l-101 382q-60 5-107 43.5t-63 98.5q-20 77 20 146t117 89 146-20 89-117q16-60-6-117t-72-91zm660-33q0-53-37.5-90.5T1536 1024t-90.5 37.5-37.5 90.5 37.5 90.5 90.5 37.5 90.5-37.5 37.5-90.5zm-640-640q0-53-37.5-90.5T896 384t-90.5 37.5T768 512t37.5 90.5T896 640t90.5-37.5T1024 512zm448 192q0-53-37.5-90.5T1344 576t-90.5 37.5T1216 704t37.5 90.5T1344 832t90.5-37.5T1472 704zm320 448q0 261-141 483-19 29-54 29H195q-35 0-54-29Q0 1414 0 1152q0-182 71-348t191-286 286-191 348-71 348 71 286 191 191 286 71 348z\"><\/path>\n    <\/svg><\/span><\/div>\n<div data-colibri-id=\"282-c6\" class=\"h-global-transition-all h-heading style-250 style-local-282-c6 position-relative h-element\">\n                  <!----><\/p>\n<div class=\"h-heading__outer style-250 style-local-282-c6\">\n                    <!----><br \/>\n                    <!----><\/p>\n<h6 class=\"\">AC\u0130L MOTO<br \/>\n                      <br \/>KURYE<\/h6>\n<\/p><\/div>\n<\/p><\/div>\n<div data-colibri-id=\"282-c7\" class=\"h-text h-text-component style-251 style-local-282-c7 position-relative h-element\">\n                  <!----><br \/>\n                  <!----><\/p>\n<div class=\"\">\n<p><span style=\"font-weight: 400; font-size: 16px; font-family: &quot;Open Sans&quot;; color: rgb(70, 112, 127);\">Acil Moto Kurye G\u00f6nderilerinizi 30 dakika i\u00e7erisinde adresinizden al\u0131r 90 dakika i\u00e7erisinde teslimat hizmetidir.<\/span><\/p>\n<\/p><\/div>\n<\/p><\/div>\n<\/p><\/div>\n<\/p><\/div>\n<\/p><\/div>\n<div class=\"h-column h-column-container d-flex h-col-lg-2 h-col-md-2 h-col-12 style-248-outer style-local-282-c8-outer\">\n<div data-colibri-id=\"282-c8\" class=\"d-flex h-flex-basis h-column__inner h-px-lg-3 h-px-md-3 h-px-2 v-inner-lg-3 v-inner-md-3 v-inner-2 style-248 style-local-282-c8 position-relative\">\n              <!----><br \/>\n              <!----><\/p>\n<div class=\"w-100 h-y-container h-column__content h-column__v-align flex-basis-100 align-self-lg-center align-self-md-center align-self-center\">\n                <!----><\/p>\n<div data-colibri-id=\"282-c9\" class=\"h-icon style-249 style-local-282-c9 position-relative h-element\">\n                  <!----><span class=\"h-svg-icon h-icon__icon style-249-icon style-local-282-c9-icon\"><!--Icon by Font Awesome (https:\/\/fontawesome.com)--><br \/>\n    <svg version=\"1.1\" xmlns=\"http:\/\/www.w3.org\/2000\/svg\" xmlns:xlink=\"http:\/\/www.w3.org\/1999\/xlink\" id=\"car\" viewBox=\"0 0 2048 1896.0833\">\n      <path d=\"M480 1088q0-66-47-113t-113-47-113 47-47 113 47 113 113 47 113-47 47-113zm36-320h1016l-89-357q-2-8-14-17.5t-21-9.5H640q-9 0-21 9.5T605 411zm1372 320q0-66-47-113t-113-47-113 47-47 113 47 113 113 47 113-47 47-113zm160-96v384q0 14-9 23t-23 9h-96v128q0 80-56 136t-136 56-136-56-56-136v-128H512v128q0 80-56 136t-136 56-136-56-56-136v-128H32q-14 0-23-9t-9-23V992q0-93 65.5-158.5T224 768h28l105-419q23-94 104-157.5T640 128h768q98 0 179 63.5T1691 349l105 419h28q93 0 158.5 65.5T2048 992z\"><\/path>\n    <\/svg><\/span><\/div>\n<div data-colibri-id=\"282-c10\" class=\"h-global-transition-all h-heading style-250 style-local-282-c10 position-relative h-element\">\n                  <!----><\/p>\n<div class=\"h-heading__outer style-250 style-local-282-c10\">\n                    <!----><br \/>\n                    <!----><\/p>\n<h6 class=\"\">ARABALI&nbsp;<br \/>\n                      <br \/>KURYE<\/h6>\n<\/p><\/div>\n<\/p><\/div>\n<div data-colibri-id=\"282-c11\" class=\"h-text h-text-component style-251 style-local-282-c11 position-relative h-element\">\n                  <!----><br \/>\n                  <!----><\/p>\n<div class=\"\">\n<p><span style=\"font-weight: 400; font-size: 16px; font-family: &quot;Open Sans&quot;; color: rgb(70, 112, 127);\">Arabal\u0131 KuryeHacimli g\u00f6nderileriniz istanbulun bir ucundan di\u011fer ucuna ara\u00e7l\u0131 teslimat hizmetidir<\/span><\/p>\n<\/p><\/div>\n<\/p><\/div>\n<\/p><\/div>\n<\/p><\/div>\n<\/p><\/div>\n<div class=\"h-column h-column-container d-flex h-col-lg-2 h-col-md-2 h-col-12 style-248-outer style-local-282-c12-outer\">\n<div data-colibri-id=\"282-c12\" class=\"d-flex h-flex-basis h-column__inner h-px-lg-3 h-px-md-3 h-px-2 v-inner-lg-3 v-inner-md-3 v-inner-2 style-248 style-local-282-c12 position-relative\">\n              <!----><br \/>\n              <!----><\/p>\n<div class=\"w-100 h-y-container h-column__content h-column__v-align flex-basis-100 align-self-lg-center align-self-md-center align-self-center\">\n                <!----><\/p>\n<div data-colibri-id=\"282-c13\" class=\"h-icon style-249 style-local-282-c13 position-relative h-element\">\n                  <!----><span class=\"h-svg-icon h-icon__icon style-249-icon style-local-282-c13-icon\"><!--Icon by Font Awesome (https:\/\/fontawesome.com)--><br \/>\n    <svg version=\"1.1\" xmlns=\"http:\/\/www.w3.org\/2000\/svg\" xmlns:xlink=\"http:\/\/www.w3.org\/1999\/xlink\" id=\"plane\" viewBox=\"0 0 1408.0003 1896.0833\">\n      <path d=\"M1376 160q44 52 12 148t-108 172l-161 161 160 696q5 19-12 33l-128 96q-7 6-19 6-4 0-7-1-15-3-21-16L813 947l-259 259 53 194q5 17-8 31l-96 96q-9 9-23 9h-2q-15-2-24-13l-189-252-252-189q-11-7-13-23-1-13 9-25l96-97q9-9 23-9 6 0 8 1l194 53 259-259L81 444q-14-8-17-24-2-16 9-27l128-128q14-13 30-8l665 159 160-160q76-76 172-108t148 12z\"><\/path>\n    <\/svg><\/span><\/div>\n<div data-colibri-id=\"282-c14\" class=\"h-global-transition-all h-heading style-250 style-local-282-c14 position-relative h-element\">\n                  <!----><\/p>\n<div class=\"h-heading__outer style-250 style-local-282-c14\">\n                    <!----><br \/>\n                    <!----><\/p>\n<h6 class=\"\">HAVA KARGO<br \/>\n                      <br \/>KURYE<\/h6>\n<\/p><\/div>\n<\/p><\/div>\n<div data-colibri-id=\"282-c15\" class=\"h-text h-text-component style-251 style-local-282-c15 position-relative h-element\">\n                  <!----><br \/>\n                  <!----><\/p>\n<div class=\"\">\n<p><span style=\"font-weight: 400; font-size: 16px; font-family: &quot;Open Sans&quot;; color: rgb(70, 112, 127);\">Acil Moto Kurye G\u00f6nderilerinizi 30 dakika i\u00e7erisinde adresinizden al\u0131r 90 dakika i\u00e7erisinde teslimat hizmetidir.<\/span><\/p>\n<\/p><\/div>\n<\/p><\/div>\n<\/p><\/div>\n<\/p><\/div>\n<\/p><\/div>\n<div class=\"h-column h-column-container d-flex h-col-lg-2 h-col-md-2 h-col-12 style-252-outer style-local-282-c16-outer\">\n<div data-colibri-id=\"282-c16\" class=\"d-flex h-flex-basis h-column__inner h-px-lg-3 h-px-md-3 h-px-2 v-inner-lg-3 v-inner-md-3 v-inner-2 style-252 style-local-282-c16 position-relative\">\n              <!----><br \/>\n              <!----><\/p>\n<div class=\"w-100 h-y-container h-column__content h-column__v-align flex-basis-100 align-self-lg-center align-self-md-center align-self-center\">\n                <!----><\/p>\n<div data-colibri-id=\"282-c17\" class=\"h-icon style-249 style-local-282-c17 position-relative h-element\">\n                  <!----><span class=\"h-svg-icon h-icon__icon style-249-icon style-local-282-c17-icon\"><!--Icon by Font Awesome (https:\/\/fontawesome.com)--><br \/>\n    <svg version=\"1.1\" xmlns=\"http:\/\/www.w3.org\/2000\/svg\" xmlns:xlink=\"http:\/\/www.w3.org\/1999\/xlink\" id=\"ambulance\" viewBox=\"0 0 1920 1896.0833\">\n      <path d=\"M640 1408q0-53-37.5-90.5T512 1280t-90.5 37.5T384 1408t37.5 90.5T512 1536t90.5-37.5T640 1408zM256 896h384V640H482q-14 2-22 9L265 844q-7 12-9 22v30zm1280 512q0-53-37.5-90.5T1408 1280t-90.5 37.5-37.5 90.5 37.5 90.5 90.5 37.5 90.5-37.5 37.5-90.5zm128-672V544q0-14-9-23t-23-9h-224V288q0-14-9-23t-23-9h-192q-14 0-23 9t-9 23v224H928q-14 0-23 9t-9 23v192q0 14 9 23t23 9h224v224q0 14 9 23t23 9h192q14 0 23-9t9-23V768h224q14 0 23-9t9-23zm256-544v1152q0 26-19 45t-45 19h-192q0 106-75 181t-181 75-181-75-75-181H768q0 106-75 181t-181 75-181-75-75-181H128q-26 0-45-19t-19-45 19-45 45-19V864q0-26 13-58t32-51l198-198q19-19 51-32t58-13h160V192q0-26 19-45t45-19h1152q26 0 45 19t19 45z\"><\/path>\n    <\/svg><\/span><\/div>\n<div data-colibri-id=\"282-c18\" class=\"h-global-transition-all h-heading style-250 style-local-282-c18 position-relative h-element\">\n                  <!----><\/p>\n<div class=\"h-heading__outer style-250 style-local-282-c18\">\n                    <!----><br \/>\n                    <!----><\/p>\n<h6 class=\"\">AC\u0130L \u0130LA\u00c7<br \/>\n                      <br \/>KURYE<\/h6>\n<\/p><\/div>\n<\/p><\/div>\n<div data-colibri-id=\"282-c19\" class=\"h-text h-text-component style-251 style-local-282-c19 position-relative h-element\">\n                  <!----><br \/>\n                  <!----><\/p>\n<div class=\"\">\n<p><span style=\"color: rgb(70, 112, 127); font-family: &quot;Open Sans&quot;; font-size: 16px; font-weight: 400;\">EN HIZLI \u015eEK\u0130LDE&nbsp; S\u0130ZLERE H\u0130ZMET ETMEK \u0130\u00c7\u0130N VARIZ.\u00d6NCE SA\u011eLIK.<\/span><\/p>\n<\/p><\/div>\n<\/p><\/div>\n<\/p><\/div>\n<\/p><\/div>\n<\/p><\/div>\n<div class=\"h-column h-column-container d-flex h-col-lg-2 h-col-md-2 h-col-12 style-248-outer style-local-282-c20-outer\">\n<div data-colibri-id=\"282-c20\" class=\"d-flex h-flex-basis h-column__inner h-px-lg-3 h-px-md-3 h-px-2 v-inner-lg-3 v-inner-md-3 v-inner-2 style-248 style-local-282-c20 position-relative\">\n              <!----><br \/>\n              <!----><\/p>\n<div class=\"w-100 h-y-container h-column__content h-column__v-align flex-basis-100 align-self-lg-center align-self-md-center align-self-center\">\n                <!----><\/p>\n<div data-colibri-id=\"282-c21\" class=\"h-icon style-249 style-local-282-c21 position-relative h-element\">\n                  <!----><span class=\"h-svg-icon h-icon__icon style-249-icon style-local-282-c21-icon\"><!--Icon by Font Awesome (https:\/\/fontawesome.com)--><br \/>\n    <svg version=\"1.1\" xmlns=\"http:\/\/www.w3.org\/2000\/svg\" xmlns:xlink=\"http:\/\/www.w3.org\/1999\/xlink\" id=\"blind\" viewBox=\"0 0 1539.8183 1896.0833\">\n      <path d=\"M366 311q-64 0-110-45.5T210 155q0-64 46-109.5T366 0t109.5 45.5T521 155q0 65-45.5 110.5T366 311zm551 642q0 50-30 67.5t-63.5 6.5-47.5-34L409 555q-7-12-14-15.5t-11-1.5l-3 3q-7 8 4 21l122 139 1 354-161 457q-67 192-92 234-15 26-28 32-50 26-103 1-29-13-41.5-43t-9.5-57q2-17 197-618l5-416-85 164 35 222q4 24-1 42t-14 27.5-19 16-17 7.5l-7 2q-19 3-34.5-3t-24-16-14-22-7.5-19.5-2-9.5L39 757l211-381q23-34 113-34 75 0 107 40l424 521q7 5 14 17l3 3-1 1q7 13 7 29zm-403 150q43 113 88.5 225t69.5 168l24 55q36 93 42 125 11 70-36 97-35 22-66 16t-51-22-29-35h-1q-6-16-8-25l-124-351zm824 592q31 49 31 57 0 5-3 7-9 5-14.5-.5t-15.5-26-16-30.5q-114-172-423-661 3 1 7-1t7-4l3-2q11-9 11-17z\"><\/path>\n    <\/svg><\/span><\/div>\n<div data-colibri-id=\"282-c22\" class=\"h-global-transition-all h-heading style-250 style-local-282-c22 position-relative h-element\">\n                  <!----><\/p>\n<div class=\"h-heading__outer style-250 style-local-282-c22\">\n                    <!----><br \/>\n                    <!----><\/p>\n<h6 class=\"\">NORMAL KURYE<\/h6>\n<\/p><\/div>\n<\/p><\/div>\n<div data-colibri-id=\"282-c23\" class=\"h-text h-text-component style-251 style-local-282-c23 position-relative h-element\">\n                  <!----><br \/>\n                  <!----><\/p>\n<div class=\"\">\n<p><span style=\"font-weight: 400; font-size: 13px; font-family: Arial; color: rgb(0, 0, 0);\">Motorlu Kurye Hizmeti ile \u0130stanbul&#8217;da bir adresten ba\u015fka bir adrese teslim edilmesi gereken g\u00f6nderilerinizin teslimatlar\u0131n\u0131 semtlere g\u00f6re 150 dakika ile 210 dakika aras\u0131nda ger\u00e7ekle\u015ftirebilirsiniz.<\/span><\/p>\n<\/p><\/div>\n<\/p><\/div>\n<\/p><\/div>\n<\/p><\/div>\n<\/p><\/div>\n<\/p><\/div>\n<\/p><\/div>\n<\/p><\/div>\n<\/p><\/div>\n<div data-colibri-component=\"section\" data-colibri-id=\"282-c24\" id=\"custom\" class=\"h-section h-section-global-spacing d-flex align-items-lg-center align-items-md-center align-items-center style-335 style-local-282-c24 position-relative\">\n    <!----><br \/>\n    <!----><\/p>\n<div class=\"h-section-grid-container h-section-boxed-container\">\n      <!----><\/p>\n<div data-colibri-id=\"282-c25\" class=\"h-row-container gutters-row-lg-2 gutters-row-md-2 gutters-row-0 gutters-row-v-lg-2 gutters-row-v-md-2 gutters-row-v-2 style-336 style-local-282-c25 position-relative\">\n        <!----><\/p>\n<div class=\"h-row justify-content-lg-center justify-content-md-center justify-content-center align-items-lg-stretch align-items-md-stretch align-items-stretch gutters-col-lg-2 gutters-col-md-2 gutters-col-0 gutters-col-v-lg-2 gutters-col-v-md-2 gutters-col-v-2\">\n          <!----><\/p>\n<div class=\"h-column h-column-container d-flex h-col-lg-auto h-col-md-auto h-col-auto style-337-outer style-local-282-c26-outer\">\n<div data-colibri-id=\"282-c26\" class=\"d-flex h-flex-basis h-column__inner h-px-lg-2 h-px-md-2 h-px-2 v-inner-lg-2 v-inner-md-2 v-inner-2 style-337 style-local-282-c26 position-relative\">\n              <!----><br \/>\n              <!----><\/p>\n<div class=\"w-100 h-y-container h-column__content h-column__v-align flex-basis-100 align-self-lg-start align-self-md-start align-self-start\">\n                <!----><\/p>\n<div data-colibri-id=\"282-c27\" class=\"d-block style-339 style-local-282-c27 position-relative h-element\">\n                  <!----><\/p>\n<div class=\"h-image__frame-container-outer\">\n<div class=\"h-image__frame-container\">\n                      <!----><br \/>\n                      <!----><br \/>\n                      <img loading=\"lazy\" decoding=\"async\" width=\"1100\" height=\"685\" src=\"https:\/\/tektiklakurye.com.tr\/wp-content\/uploads\/2024\/01\/cropped-cropped-cropped-mock-up-header-e1709226748555.webp\" class=\"wp-image-641 style-339-image style-local-282-c27-image\" srcset=\"https:\/\/tektiklakurye.com.tr\/wp-content\/uploads\/2024\/01\/cropped-cropped-cropped-mock-up-header-e1709226748555.webp 1100w, https:\/\/tektiklakurye.com.tr\/wp-content\/uploads\/2024\/01\/cropped-cropped-cropped-mock-up-header-e1709226748555-300x187.webp 300w, https:\/\/tektiklakurye.com.tr\/wp-content\/uploads\/2024\/01\/cropped-cropped-cropped-mock-up-header-e1709226748555-1024x638.webp 1024w, https:\/\/tektiklakurye.com.tr\/wp-content\/uploads\/2024\/01\/cropped-cropped-cropped-mock-up-header-e1709226748555-768x478.webp 768w\" sizes=\"auto, (max-width: 1100px) 100vw, 1100px\" \/><\/p>\n<div class=\"h-image__frame h-hide-lg h-hide-md h-hide-sm style-339-frameImage style-local-282-c27-frameImage\"><\/div>\n<\/p><\/div>\n<\/p><\/div>\n<\/p><\/div>\n<\/p><\/div>\n<\/p><\/div>\n<\/p><\/div>\n<\/p><\/div>\n<\/p><\/div>\n<div data-colibri-id=\"282-c28\" class=\"h-row-container gutters-row-lg-2 gutters-row-md-2 gutters-row-0 gutters-row-v-lg-2 gutters-row-v-md-2 gutters-row-v-2 style-409 style-local-282-c28 position-relative\">\n        <!----><\/p>\n<div class=\"h-row justify-content-lg-center justify-content-md-center justify-content-center align-items-lg-stretch align-items-md-stretch align-items-stretch gutters-col-lg-2 gutters-col-md-2 gutters-col-0 gutters-col-v-lg-2 gutters-col-v-md-2 gutters-col-v-2\">\n          <!----><\/p>\n<div class=\"h-column h-column-container d-flex h-col-lg-auto h-col-md-auto h-col-auto style-410-outer style-local-282-c29-outer\">\n<div data-colibri-id=\"282-c29\" class=\"d-flex h-flex-basis h-column__inner h-px-lg-2 h-px-md-2 h-px-2 v-inner-lg-2 v-inner-md-2 v-inner-2 style-410 style-local-282-c29 position-relative\">\n              <!----><br \/>\n              <!----><\/p>\n<div class=\"w-100 h-y-container h-column__content h-column__v-align flex-basis-100 align-self-lg-start align-self-md-start align-self-start\">\n                <!----><\/p>\n<div data-colibri-id=\"282-c30\" class=\"d-block style-340 style-local-282-c30 position-relative h-element\">\n                  <!----><\/p>\n<div class=\"h-image__frame-container-outer\">\n<div class=\"h-image__frame-container\">\n                      <!----><br \/>\n                      <!----><br \/>\n                      <img loading=\"lazy\" decoding=\"async\" width=\"1078\" height=\"1078\" src=\"https:\/\/tektiklakurye.com.tr\/wp-content\/uploads\/2024\/03\/cropped-Kurye-Araniyor-Instagram-Gonderisi.jpg\" class=\"wp-image-788 style-340-image style-local-282-c30-image\" srcset=\"https:\/\/tektiklakurye.com.tr\/wp-content\/uploads\/2024\/03\/cropped-Kurye-Araniyor-Instagram-Gonderisi.jpg 1078w, https:\/\/tektiklakurye.com.tr\/wp-content\/uploads\/2024\/03\/cropped-Kurye-Araniyor-Instagram-Gonderisi-300x300.jpg 300w, https:\/\/tektiklakurye.com.tr\/wp-content\/uploads\/2024\/03\/cropped-Kurye-Araniyor-Instagram-Gonderisi-1024x1024.jpg 1024w, https:\/\/tektiklakurye.com.tr\/wp-content\/uploads\/2024\/03\/cropped-Kurye-Araniyor-Instagram-Gonderisi-150x150.jpg 150w, https:\/\/tektiklakurye.com.tr\/wp-content\/uploads\/2024\/03\/cropped-Kurye-Araniyor-Instagram-Gonderisi-768x768.jpg 768w\" sizes=\"auto, (max-width: 1078px) 100vw, 1078px\" \/><\/p>\n<div class=\"h-image__frame h-hide-lg h-hide-md h-hide-sm style-340-frameImage style-local-282-c30-frameImage\"><\/div>\n<\/p><\/div>\n<\/p><\/div>\n<\/p><\/div>\n<\/p><\/div>\n<\/p><\/div>\n<\/p><\/div>\n<\/p><\/div>\n<\/p><\/div>\n<\/p><\/div>\n<\/p><\/div>\n<\/div>\n","protected":false},"excerpt":{"rendered":"<p>AC\u0130L MOTO KURYE Acil Moto Kurye G\u00f6nderilerinizi 30 dakika i\u00e7erisinde adresinizden al\u0131r 90 dakika i\u00e7erisinde teslimat hizmetidir. ARABALI&nbsp; KURYE Arabal\u0131 KuryeHacimli g\u00f6nderileriniz istanbulun bir ucundan di\u011fer ucuna ara\u00e7l\u0131 teslimat hizmetidir HAVA KARGO KURYE Acil Moto Kurye G\u00f6nderilerinizi 30 dakika i\u00e7erisinde adresinizden al\u0131r 90 dakika i\u00e7erisinde teslimat hizmetidir. AC\u0130L \u0130LA\u00c7 KURYE EN HIZLI \u015eEK\u0130LDE&nbsp; S\u0130ZLERE H\u0130ZMET [&hellip;]<\/p>\n","protected":false},"author":1,"featured_media":0,"parent":163,"menu_order":0,"comment_status":"closed","ping_status":"closed","template":"page-templates\/full-width-page.php","meta":{"footnotes":""},"class_list":["post-282","page","type-page","status-publish","hentry"],"_links":{"self":[{"href":"https:\/\/tektiklakurye.com.tr\/index.php?rest_route=\/wp\/v2\/pages\/282","targetHints":{"allow":["GET"]}}],"collection":[{"href":"https:\/\/tektiklakurye.com.tr\/index.php?rest_route=\/wp\/v2\/pages"}],"about":[{"href":"https:\/\/tektiklakurye.com.tr\/index.php?rest_route=\/wp\/v2\/types\/page"}],"author":[{"embeddable":true,"href":"https:\/\/tektiklakurye.com.tr\/index.php?rest_route=\/wp\/v2\/users\/1"}],"replies":[{"embeddable":true,"href":"https:\/\/tektiklakurye.com.tr\/index.php?rest_route=%2Fwp%2Fv2%2Fcomments&post=282"}],"version-history":[{"count":20,"href":"https:\/\/tektiklakurye.com.tr\/index.php?rest_route=\/wp\/v2\/pages\/282\/revisions"}],"predecessor-version":[{"id":915,"href":"https:\/\/tektiklakurye.com.tr\/index.php?rest_route=\/wp\/v2\/pages\/282\/revisions\/915"}],"up":[{"embeddable":true,"href":"https:\/\/tektiklakurye.com.tr\/index.php?rest_route=\/wp\/v2\/pages\/163"}],"wp:attachment":[{"href":"https:\/\/tektiklakurye.com.tr\/index.php?rest_route=%2Fwp%2Fv2%2Fmedia&parent=282"}],"curies":[{"name":"wp","href":"https:\/\/api.w.org\/{rel}","templated":true}]}}